 13)
-3
What is the value of -12 + (1 - -14 - 6)?
-3
What is -8 + (6 - -3 - -4) + -22?
-17
What is the value of (-1 + 0 - (75 + -68)) + -12?
-20
4 + -22 + 13 + -1
-6
What is -31 - -1 - (-6 + 6 + 16 - 25)?
-21
(4 - (-2 - -2)) + (7 - 24) + 4
-9
What is 10 + (-100 - -109) + 1 + 1 + -4?
17
Evaluate 17 - (-26 - -33) - (-1 - -2) - -6.
15
Calculate -35 + (68 - 36) - 31.
-34
What is 201 + -200 - (4 + 1 - (0 + 0))?
-4
What is 1 - -20 - (-1090 + 1110)?
1
Calculate 11 - (-12 + 41) - -26.
8
Calculate -10 - (4 + (7 - 16) - (-15 - -9)).
-11
Calculate -5 + -4 + -32 + 35.
-6
Evaluate 27 + -23 + (0 - (0 + -1)).
5
What is the value of 2 + -10 + (-64 - -51)?
-21
Calculate -9 + 5 + (-3 - -6) - (2 + -1).
-2
-15 - 0 - (10 - (24 - 10))
-11
Evaluate 3 + ((4 - -6) + (-20 - -12) - -6).
11
What is -1 - -14 - (766 + -740)?
-13
What is the value of 1 - 5 - (-8 + (5 - 1) - -2)?
-2
Calculate -3 - -15 - (-1 - (-7 + 3)).
9
What is 7 + -13 + 20 + -3 + (3 - 3)?
11
Evaluate 8 + (0 - 1) + -12 + -12 + 25.
8
What is the value of -6 - (0 + (-18 - (16 + -7)))?
21
Evaluate -21 + (-3 - -12 - (3 - 4)).
-11
-19 - (22 - (72 - 23))
8
What is the value of -32 - ((3 - -2) + 42 + -65)?
-14
-16 - (-8 - ((-5 - -11) + -30) - 7)
-25
Calculate 5 - (3 + 3 + (9 - 7) + 20).
-23
Calculate (8 - ((-7 - 3) + 14)) + -5.
-1
(-6 - 25) + -10 + 13 + 5 + -5
-28
(6 - -11) + (-2 - (-2 - (-4 - -1)))
14
Calculate 4 + -12 + 7 + 12.
11
What is the value of -469 - -475 - (16 + -1)?
-9
Calculate -26 + -11 + 71 + -32.
2
What is the value of 20 - (-1 + 13 - (13 - -2 - 7))?
16
Calculate (-7 - (-1 + 3)) + -12 + (-15 - -23).
-13
What is 14 + -9 + -9 + 3?
-1
Evaluate 317 - 311 - (2 + 1).
3
0 - (-15 - (6 - 6))
15
What is the value of 0 - (8 + -14) - (6 + -5 + 4)?
1
What is 6 + 5 - ((3 - 8 - -9) + -7)?
14
Calculate 4 + -11 + -2 + -3 + 1.
-11
What is the value of -32 + 1 + -12 + 58 + -45 + 6?
-24
Calculate -6 + 6 + -15 - (3 - 2).
-16
Calculate 24 + (-21 - (0 - 10)).
13
Evaluate 9 - ((0 - (-2 + (11 - 5))) + 1).
12
What is -6 - (5 + -1 + -19)?
9
What is -5 + -3 - -3 - (-1 + 3 - -1)?
-8
What is the value of -14 + (-8 - -16 - -10)?
4
Calculate 36 + (-5 - 25) + 7.
13
Evaluate 80 - 89 - (1 + 7).
-17
Evaluate (-8 - 5) + 3 + (-12 - (-12 - 7)).
-3
Evaluate -2 - ((2 - 0) + (-212 - -186)).
22
What is 2 - -10 - 2 - 21?
-11
28 + (18 - (42 - 3))
7
(-9 - 5) + (-26 + 30 - -13)
3
-20 - (-33 + 15 + -3) - (5 + 0)
-4
What is the value of -5 + -4 + 4 - (2 + -1 + -2)?
-4
Calculate (29 - 27) + ((-4 - 2) + 2 - -9).
7
What is 1 - 2 - (-3 - (1 + 12) - -5)?
10
Calculate -15 + (-1 - (16 - 28)).
-4
What is the value of -99 + 99 - (3 - -19)?
-22
Evaluate (4 - 10 - -1) + 5 + -14.
-14
Calculate -8 + 5 + -12 + 2.
-13
Calculate (-6 - -5) + -8 - (19 - 22).
-6
-2 + (-4 - 2 - -12)
4
Evaluate 15 + -1 + -16 + -1 + 1 + 17.
15
What is the value of -3 + 1 + (508 - 492)?
14
(18 - 67) + 47 + (4 + 1 - 1)
2
What is 26 + (-51 - -14) + 25?
14
What is the value of 17 - (7 + (12 - (14 - -11)))?
23
-1 + 2 + 0 - (-11 + -18 + 33)
-3
What is the value of -20 + (17 - 1) + (-3 - -3) + -7?
-11
What is the value of 1 + 3 - (-9 - (23 + -13) - -17)?
6
What is the value of -16 - -21 - 20 - -29?
14
Evaluate 13 + (-3 - 17) - 0.
-7
Evaluate (1 - -3 - 12) + (3 - (12 - 5)).
-12
-21 + -3 - (1 - (11 - -8 - 9))
-15
What is -18 - (-43 + 18) - (-4 - (-5 - 20))?
-14
33 - (-3 + 19) - -11
28
What is (66 - 73) + -1 + 8 + (-3 - -2)?
-1
Evaluate 159 + -164 - (9 - -2).
-16
Evaluate (0 + -7 - (30 - 36)) + -4.
-5
What is 19 + -38 + (51 - 13)?
19
What is (27 - 44) + (34 - 1)?
16
Evaluate -8 + (-8 - (-4 + 5 - 2)).
-15
Evaluate -14 + 8 - -20 - (9 - 1).
6
Evaluate -83 + 80 - (-3 + 1).
-1
What is the value of 1 - 11 - -22 - 5?
7
(-16 - -10) + (13 - (-1 + 1)) + -2
5
Evaluate -4 + -1 + (1 - (4 + (6 - 6))).
-8
(-10 - -25) + (-5 - 0)
10
Calculate -7 + (7 - (33 - 38)).
5
Evaluate -8 + 16 + (-14 - -9) - (1 + -14).
16
Evaluate (-1 - 4) + (13 - (4 + 6) - -12).
10
Calculate 5 + (-23 - (-1 - 1)) - (3 + -10).
-9
Calculate 19 + 1 - (440 + -437).
17
What is the value of -8 + (-12 + 12 - -3) + 6?
1
Evaluate (-44 + 59 - (1 - -13)) + -24.
-23
Evaluate -1 + (12 - -2) - (-1532 + 1525).
20
What is (1 - -7) + (-13 - (-10 - -5))?
0
Calculate -3 - (10 - (-10 + 47)) - 9 - 10.
5
Evaluate -6 + 1 + (2 - (-18 + 5)).
10
What is the value of (42 - (33 - 4)) + 24?
37
5 + -14 - (80 - 67)
-22
5 + -22 + -8 + 11
-14
Evaluate 267 + -247 - (3 + 0).
17
What is the value of -26 + 9 + (43 - 2)?
24
Calculate 10 - 3 - 14 - -14.
7
What is the value of (4 + (-13 - (-5 + 0)) - -25) + -7?
14
What is the value of 15 + 9 + -4 + (-74 - -66)?
12
What is -87 + -19 + 160 - (0 - -18)?
36
What is (-9 - 0 - -11) + -7?
-5
What is (-1 - 0) + 10 + -7 + 1 + -13?
-10
391 + -394 + (-1 - -14)
10
Evaluate 8 + 1 + -13 + 6 + -3.
-1
What is 26 - (11 - (10 - (19 - 7 - 11)))?
24
26 - (-14 - (-44 - -20))
16
Calculate (-13 - 2) + -6 - -15.
-6
Evaluate 2 - 16 - -11 - (-25 - 6).
28
Calculate 0 - (9 + -2 + -2) - (345 + -342).
-8
Evaluate -3 + (-4 - ((2 - -12) + (29 - 38))).
-12
Calculate -4 - 2 - (-472 + 471).
-5
What is 5 + (1 + 2 - 16 - -4 - 6)?
-10
7 - 0 - (-25 + -18 - -29)
21
Calculate 4 - (-12 + 10) - (5 - -12).
-11
Evaluate -5 - -6 - (-9 - -6).
4
Calculate -6 - (8 + -5) - (3 - -3).
-15
What is the value of 4 + 3 + 7 + -11?
3
What is the value of 9 + (8 - 13 - -22) + (1 - -2)?
29
Calculate 42 + -32 + 15 - 17 - 5.
3
Calculate 26 + (10 + -32 - 21).
-17
Calculate (39 - (-33 - -38)) + -21.
13
What is the value of -22 - (5 - (9 - -8))?
-10
What is -4 + 1 + (-7 - -22 - 19)?
-7
(6 + -24 + -7 - -5) + (-1 - 9)
-30
16 + (14 - (-1 + 25)) - (-10 + 1)
15
What is the value of 10 + -3 + (2 - 7) + 5 + -8?
-1
19 + -1 - (57 + -53)
14
Calculate (-2 + -6 - 5 - -12) + -24.
-25
What is 20 - (-3 + (4 - -1) + 0 + 4)?
14
What is -2 + (5 - 1) + 15 + -34 + -1?
-18
Calculate -3 - (18 + -4 + -3).
-14
What is the value of (15 - -7 - 4) + (-18 - -6 - -7)?
13
Calculate -1 + (16 - 27) + 29.
17
Evaluate (-10 - (-17 + 10)) + -2 + (-2 - -3).
-4
Calculate 5 - (-5 - -10 - 13 - -13).
0
Calculate 2 - ((13 - (-8 - -21)) + -1 + 18).
-15
What is -5 + 9 + -7 + 6 - (30 - 26)?
-1
What is the value of -5 - 0 - (2 + -8 + (13 - 27))?
15
What is the value of (2 - (-23 - -7)) + -6 + -4?
8
Calculate 2 + 7 - ((-2 - 26) + (8 - 8)).
37
What is 3 + -1 - (15 + -37 - -19) - -17?
22
Calculate (61 - 43) + -7 - (-2 + -7).
20
-10 - (10 - 12 - 2)
-6
Calculate 165 - 175 - (-7 - (-2 + 1)).
-4
What is (22 + 14 - ((-2 - 1) + 6)) + -9?
24
-5 + 16 + -13 + (10 - -13)
21
What is the value of 1 - -6 - ((0 + -7 - -8) + 12)?
-6
What is the value of -1 + -5 + 1 + -6 + 3?
-8
Calculate 0 - -6 - 23 - -9.
-8
Evaluate 13 + (2 - (-1 - (-6 - 1))) + -4.
5
Evaluate -4 - -45 - (-9 + 9) - 15.
26
Evaluate -7 + -3 - (-26 - (-3 + -2)).
11
What is the value of (-1 - 5) + -107 + 75 + 42?
4
What is the value of -4 - 1 - (94 - 90) - 3?
-12
What is 15 - (-1 + 8) - 24 - (-6 + 1)?
-11
(-7 - (1 - 2)) + 137 + -128
3
Evaluate -4 + -2 + -223 + 230.
1
What is the value of 2 + (-46 - -3) - (0 - (-9 - -17))?
-33
Evaluate (-11 - -2) + (3 - (10 + -3)) + -6.
-19
(3 + 1 - (0 + 3)) + 11
12
Calculate -4 - (1 - 1) - (8 + -38 + 13).
13
Evaluate (13 - 3 - 17) + 2.
-5
1 + -2 + (-22 + 26 - 20)
-17
What is 2 + -4 - (-69 - -64)?
3
What is the value of 32 + 14 - 46 - (4 + -1)?
-3
What is -3 - -29 - (-8 - -56)?
-22
What is the value of 12 + 0 + (-86 - -39 - -62)?
27
Calculate 118 - 109 - (4 - -2) - (1 + 10).
-8
Evaluate (-10 - 8) + 9 + 4 + 28.
23
Calculate -9 - (4 + 3 + -10 + 18 + -12).
-12
Evaluate (24 + 18 - 21) + -31.
-10
Calculate (54 - 49) + -8 + 10 + 1.
8
Evaluate 0 + -1 + -3 + -52 + 62 - -4.
10
What is 11 + -18 + -16 - -14?
-9
Evaluate 17 + 22 + -36 + (9 - 0).
12
17 - (1 + -8 + 19)
5
-7 + 23 + -10 + (-2 + 1 - 1)
4
Calculate -7 - (-16 + 14 + -5 - -4).
-4
Evaluate (-8 - (0 + 2)) + 1 + 4.
-5
Calculate 9 - 34 - (-37 + -2).
14
21 - 45 - -28 - 20
-16
-2 - -2 - (0 + 8 + 3 - -4)
-15
What is the value of -1 + 18 + 8 - (4 + 8)?
13
Evaluate (2 - (7 + -4 + 11)) + (-4 - 0).
-16
Calculate 11 + -1 - (-22 + (2 - (-81 - -23))).
-28
What is -18 - (1 + (26 - 36))?
-9
5 + -15 + 0 - -15
5
What is the value of -6 + 46 + 5 + -11 + -8?
26
(-6 - 2 - (35 + -31)) + 16
4
Calculate (-14 - 5) + 8 - -26.
15
What is -1 - (-8 + 6 + -4 - 36 - -11)?
30
Calculate 1 + -5 + 3 + (-9 + 6 - -5).
1
What is the value of 8